*c - 2. What are the prime factors of k(2)?
2, 3
What are the prime factors of 73 - 2/(-4)*-6?
2, 5, 7
Suppose 0 = c + 3*c - 204. What are the prime factors of c?
3, 17
Suppose -q - 3*j - 4 = 0, -4*q = 2*j - 1 - 3. Suppose q*c - 7*c + 15 = 0. Suppose 0 = f - 7 - c. What are the prime factors of f?
2, 5
Suppose -3*t = -4*v - 9, 5*v + 2*t = 2*v + 6. Suppose v = -3*b + 74 + 46. List the prime factors of b.
2, 5
What are the prime factors of (1156/(-14))/(-2) - (-42)/(-147)?
41
Let l(z) = -z**2 + 6*z - 5. Let u be l(5). Suppose -2*c + 6 = -u*c. Suppose -4 = -c*h + h. What are the prime factors of h?
2
Let b(u) = -12*u + 67. List the prime factors of b(-24).
5, 71
Let b be 0/(-2) + -1 + 0. Let w = b - -1. Suppose 17 = k - 3*i, -4*k + 23 = 3*i - w*i. List the prime factors of k.
2
Let x = -3 + 5. Let y(p) = 0 + 5*p**x + 7*p + p**3 + 3 - 13*p**2. List the prime factors of y(7).
3
Let n = 157 - 83. List the prime factors of n.
2, 37
Let p(x) be the third derivative of 1/6*x**4 + 0 + 0*x + 0*x**3 + 2*x**2. What are the prime factors of p(2)?
2
Let r be 1/3 + (-1)/3. Let j be 2 + (-4 - (r + -1)). List the prime factors of 29/5 - j/5.
2, 3
Suppose 0 = 3*n + 4 - 1. Let b = 5 - n. Suppose b*d = d + 20. What are the prime factors of d?
2
Let b(f) = -2*f + 2*f + f + 12. What are the prime factors of b(0)?
2, 3
Suppose -2*k + 4*n = -222, 3*k + 5*n - 238 = 106. List the prime factors of k.
113
Let c(v) = v**2 - 10*v - 4. Let x be c(10). List the prime factors of (-558)/(-12)*x/(-6).
31
Let f(u) = 273*u + 3. What are the prime factors of f(1)?
2, 3, 23
Suppose -9*k + 20 = -13*k. Let x be 128/6 - 10/(-15). Let u = x + k. What are the prime factors of u?
17
Let f = 539 + -287. What are the prime factors of f?
2, 3, 7
Let h be (-87)/5 + (-2)/(-5). Let u be h/(-2) - 1/(-2). Suppose 3*o = -u, 6 = a - 2*o - 11. What are the prime factors of a?
11
Let y(b) = -b**2 - 4*b + 3. Let u be y(-3). What are the prime factors of 1 + -8*(-9)/u?
13
Let a = 248 + -100. What are the prime factors of a?
2, 37
Let v = -4 - -2. Let l be 0/(-1 + 2/v). Let k = l - -15. List the prime factors of k.
3, 5
Let q = -2 + 0. What are the prime factors of (-9)/q*(-32)/(-24)?
2, 3
List the prime factors of (4 + 16/(-12))/((-2)/(-90)).
2, 3, 5
Let b be (26/5)/((-1)/5). Let t be 6/(-9) + b/(-3). Suppose -2*c = -t - 6. What are the prime factors of c?
7
What are the prime factors of 370/8 - (-22)/(-88)?
2, 23
Let u = -7 + 4. Let m = u + 7. List the prime factors of m.
2
Let j(v) = v**3 + 8*v**2 - 8*v + 11. Let w be j(-9). Suppose 47 = 5*d + w. List the prime factors of (-4)/((-8)/(-6)) + d.
2, 3
What are the prime factors of (366 - 4)*1*(-2)/(-4)?
181
Let r = 35 + 6. What are the prime factors of r?
41
What are the prime factors of (405/(-12))/(12/(-64))?
2, 3, 5
List the prime factors of (-40)/15*(-1 + (-83)/4).
2, 29
Suppose 3*o = -o. Suppose -3*r - 2*n + 13 = o, -3*r + 5 = -2*r + n. List the prime factors of r.
3
Suppose -3*k = 2*a - 12, 2*k + 20 = 3*a + 7*k. Suppose a = -5*s + 2*s. Suppose 45 = 4*o + d, 2*d = -s*o + o. List the prime factors of o.
2, 5
Let u(w) = 6*w - 18. Let k(m) = 3*m**2 + 4*m + 5. Let p be k(-2). List the prime factors of u(p).
2, 3
What are the prime factors of 134/((-9)/(36/(-8)))?
67
Suppose 125 = 5*j - b - 118, 2*j = -2*b + 90. What are the prime factors of j?
2, 3
Suppose -u + 0*d + 11 = -2*d, 0 = -4*d - 8. Suppose -3 = -2*x + u. Suppose -2*m + x*m - 48 = 0. What are the prime factors of m?
2
Let i(z) = -z**2 - 14*z - 12. Let r be i(-9). Suppose 5*d - d + 31 = -3*x, 5*x + r = -4*d. Let v = d + 10. What are the prime factors of v?
3
Suppose -i = -5*n + 2*i, n + i = -8. Let h be (n - -6) + (0 - -1). What are the prime factors of (h/2)/(-2 + 3)?
2
Suppose 5*n - 2*n - 6 = -5*i, 0 = -4*i - 3*n + 3. List the prime factors of 86/i + (-2)/3.
2, 7
Let q(d) = -d**3 + 2*d**2 - d + 2. Let t be q(2). Suppose 7*o - 3*o - 76 = t. List the prime factors of o.
19
Suppose -2*m + 64 = 12. What are the prime factors of m?
2, 13
Let g = -18 + 20. Let m = 30 - g. What are the prime factors of m?
2, 7
Let w(k) = -6*k**2 - 2*k + 1. Let x(o) = -o**2 - o. Let a(b) = w(b) - 5*x(b). Suppose -5*m - 8*t - 15 = -3*t, -5*m = 4*t + 10. List the prime factors of a(m).
3
Let z = 19 + -4. What are the prime factors of z?
3, 5
Let c(p) = -3*p**2 - 2*p. Let x(l) = -5*l**2 - 4*l. Let j(r) = 7*c(r) - 4*x(r). Let f be j(-2). Let y = f + 16. What are the prime factors of y?
2
Let w(q) = q + q**3 + 2 + 0*q**2 - 4*q - 3*q**2. Let n be w(3). Let a(x) = x**3 + 8*x**2 + 6*x + 1. List the prime factors of a(n).
2
Suppose 0 = -3*p + 4*o + 2 + 12, 0 = -p + o + 5. Let t(d) = d**2 + 5 - 4 - 6*d + 1. List the prime factors of t(p).
2
Let x(t) = t**3 + 7*t**2 - 8*t + 6. Let m be -20*(-2 + (-12)/(-10)). Suppose -s - m = s. What are the prime factors of x(s)?
2, 3
Let d = 12 - 8. Let y be (4 - d) + (1 - -8). Suppose y + 2 = l. List the prime factors of l.
11
List the prime factors of (4/8)/((-2)/(-340)).
5, 17
Suppose 1 = -m + 4*b - 0*b, -3*b = -4*m + 9. Let w(l) = l**2 + 4*l + 14. Let q be w(-6). Suppose -v - q = -m*v. What are the prime factors of v?
13
Suppose c - 86 = -c. Suppose 0 = 4*p, -3*z + c = -p - 14. What are the prime factors of z?
19
Suppose -f + 180 = 4*f. Suppose 5*b = -1 + f. List the prime factors of b.
7
Suppose -3*n - 2 = -11. Let d = -3 + n. Suppose c + 2*r - 11 = r, d = 2*c - 4*r - 10. What are the prime factors of c?
3
List the prime factors of 43*((-6)/18)/((-1)/6).
2, 43
Let v = -4 + -2. Let r(q) = q**3 + 5*q**2 - 8*q. What are the prime factors of r(v)?
2, 3
Suppose -37*b + 41*b = 580. What are the prime factors of b?
5, 29
Let g = 11 + -7. Suppose g*z = -z + 35. What are the prime factors of z?
7
Let u be -2 - 2 - (-4 - -3). List the prime factors of u/6 - (-38)/4.
3
Suppose u + 3*u = 88. List the prime factors of u + 4/2 + -1.
23
Let l(n) = 2*n**2 - 2. List the prime factors of l(2).
2, 3
Let g be -1 + (-3)/6*-86. Suppose 0 = -3*d + g - 6. List the prime factors of d.
2, 3
Suppose 4*j - 295 = -3*m, -m = -j + 2*j - 99. Suppose -5*u - 2*k + m = 0, k + 35 = -0*u + 2*u. What are the prime factors of u?
19
Let d(o) be the second derivative of o**4/12 - o**3/2 + 3*o**2/2 - 3*o. List the prime factors of d(3).
3
Let z = 2 - 1. List the prime factors of 50/(0 + 1 + z).
5
Suppose 8*g - 1603 = 3*g - b, -1606 = -5*g - 2*b. List the prime factors of g.
2, 5
Let t(k) = 3*k - 7. Let z be t(4). Let b = -4 - -7. Suppose 2*m = s - 14, -z*s + 8*m + 70 = b*m. List the prime factors of s.
2, 7
Let d = -28 + 46. Suppose 3*q = 10*q - 21. What are the prime factors of q/(d/3)*12?
2, 3
Suppose -4*r = -5*k - 259, -3*r - r + 262 = -2*k. List the prime factors of r.
2, 3, 11
Suppose -4*d = -3*d - 5. Suppose x + 7 = d*b - 3, -18 = -3*x - b. Suppose 4*w - 6*w - 7 = x*c, -5*c - 31 = -4*w. List the prime factors of w.
2
Let b(k) = -13*k**3 - k**2 + k. Let z be b(1). Let y = z + 27. Let i = y + -5. List the prime factors of i.
3
List the prime factors of -2 + 14 + (-3 - -2).
11
Let s(o) = 17*o**2 + o + 3. List the prime factors of s(-2).
3, 23
Let w(u) = -u + 2. Let t be w(0). Let x = 12 + t. List the prime factors of x.
2, 7
Let t(o) = -o**3 - 6*o**2 - 4*o. Let j be t(-5). Let c = j - -5. Suppose s + 4*r - 26 = -c*r, 4*s - 44 = -r. List the prime factors of s.
2, 5
What are the prime factors of (-166)/(-8) - 1/(-4)?
3, 7
Let z(w) = -w**3 - 3*w**2 + 3*w - 2. Let q be z(-6). Suppose -3*b = -2*u + 43, 0 = -5*u + b - 0*b + q. What are the prime factors of u?
17
Let c(a) = -4*a + 5. Let d be c(-12). Suppose 13 + d = 3*m. What are the prime factors of m?
2, 11
Suppose 0*v = -5*i - v - 12, -i - 3*v - 8 = 0. What are the prime factors of (-11 - -4)/(1/i)?
2, 7
Suppose -8*a + 7*a = -52. What are the prime factors of a?
2, 13
Suppose -a + 140 = 3*a. What are the prime factors of a?
5, 7
What are the prime factors of (-12)/8*(-136)/6?
2, 17
Suppose 2*z - 638 = -5*n, -5*z + 1250 = -z - 3*n. List the prime factors of z.
2, 157
Let w = 24 + 89. What are the prime factors of w?
113
Let u(m) be the second derivative of -2*m**3/3 - 3*m**2/2 + 4*m. Let r be u(-2). Suppose -r*c - 2*b + 64 = -b, 2*b = -2. List the prime factors of c.
13
Let t = 28 - -47. What are the prime factors of t?
3, 5
Suppose -3*t - 2*q = -10, q + 0*q = 5*t - 21. Sup